{"id":59,"date":"2024-08-02T20:50:37","date_gmt":"2024-08-02T20:50:37","guid":{"rendered":"https:\/\/bqjzpza.cluster030.hosting.ovh.net\/index.php\/about\/"},"modified":"2025-01-31T12:21:56","modified_gmt":"2025-01-31T12:21:56","slug":"team","status":"publish","type":"page","link":"https:\/\/www.woods-legal.be\/index.php\/team\/","title":{"rendered":"Notre \u00e9quipe"},"content":{"rendered":"\t\t<div data-elementor-type=\"wp-page\" data-elementor-id=\"59\" class=\"elementor elementor-59\" data-elementor-post-type=\"page\">\n\t\t\t\t<div class=\"elementor-element elementor-element-180c355b e-flex e-con-boxed e-con e-parent\" data-id=\"180c355b\" data-element_type=\"container\" data-settings=\"{&quot;background_background&quot;:&quot;slideshow&quot;,&quot;background_slideshow_gallery&quot;:[{&quot;id&quot;:1020,&quot;url&quot;:&quot;https:\\\/\\\/www.woods-legal.be\\\/wp-content\\\/uploads\\\/2025\\\/01\\\/Woods-Legal-Edited-13-centered-scaled.jpg&quot;}],&quot;background_slideshow_loop&quot;:&quot;yes&quot;,&quot;background_slideshow_slide_duration&quot;:5000,&quot;background_slideshow_slide_transition&quot;:&quot;fade&quot;,&quot;background_slideshow_transition_duration&quot;:500}\">\n\t\t\t\t\t<div class=\"e-con-inner\">\n\t\t\t\t<div class=\"elementor-element elementor-element-b654a47 elementor-widget elementor-widget-heading\" data-id=\"b654a47\" data-element_type=\"widget\" data-widget_type=\"heading.default\">\n\t\t\t\t<div class=\"elementor-widget-container\">\n\t\t\t\t\t<h2 class=\"elementor-heading-title elementor-size-default\">Notre \u00e9quipe<\/h2>\t\t\t\t<\/div>\n\t\t\t\t<\/div>\n\t\t\t\t\t<\/div>\n\t\t\t\t<\/div>\n\t\t<div class=\"elementor-element elementor-element-4fc86968 e-con-full e-flex e-con e-parent\" data-id=\"4fc86968\" data-element_type=\"container\">\n\t\t<div class=\"elementor-element elementor-element-17bdbeb7 e-con-full e-flex e-con e-child\" data-id=\"17bdbeb7\" data-element_type=\"container\" data-settings=\"{&quot;background_background&quot;:&quot;classic&quot;}\">\n\t\t\t\t<div class=\"elementor-element elementor-element-950ccfd elementor-widget elementor-widget-image\" data-id=\"950ccfd\" data-element_type=\"widget\" data-widget_type=\"image.default\">\n\t\t\t\t<div class=\"elementor-widget-container\">\n\t\t\t\t\t\t\t\t\t\t\t\t\t\t\t<img fetchpriority=\"high\" decoding=\"async\" width=\"683\" height=\"1024\" src=\"https:\/\/www.woods-legal.be\/wp-content\/uploads\/2024\/08\/Woods-Legal-Edited-7-683x1024.jpg\" class=\"attachment-large size-large wp-image-233\" alt=\"\" srcset=\"https:\/\/www.woods-legal.be\/wp-content\/uploads\/2024\/08\/Woods-Legal-Edited-7-683x1024.jpg 683w, https:\/\/www.woods-legal.be\/wp-content\/uploads\/2024\/08\/Woods-Legal-Edited-7-200x300.jpg 200w, https:\/\/www.woods-legal.be\/wp-content\/uploads\/2024\/08\/Woods-Legal-Edited-7-768x1152.jpg 768w, https:\/\/www.woods-legal.be\/wp-content\/uploads\/2024\/08\/Woods-Legal-Edited-7-1024x1536.jpg 1024w, https:\/\/www.woods-legal.be\/wp-content\/uploads\/2024\/08\/Woods-Legal-Edited-7-1366x2048.jpg 1366w, https:\/\/www.woods-legal.be\/wp-content\/uploads\/2024\/08\/Woods-Legal-Edited-7-scaled.jpg 1707w\" sizes=\"(max-width: 683px) 100vw, 683px\" \/>\t\t\t\t\t\t\t\t\t\t\t\t\t\t\t<\/div>\n\t\t\t\t<\/div>\n\t\t\t\t<\/div>\n\t\t<div class=\"elementor-element elementor-element-e281501 e-con-full e-flex e-con e-child\" data-id=\"e281501\" data-element_type=\"container\">\n\t\t\t\t<div class=\"elementor-element elementor-element-c9ad073 elementor-widget elementor-widget-menu-anchor\" data-id=\"c9ad073\" data-element_type=\"widget\" data-widget_type=\"menu-anchor.default\">\n\t\t\t\t<div class=\"elementor-widget-container\">\n\t\t\t\t\t\t\t<div class=\"elementor-menu-anchor\" id=\"team_nicolas_delvoie\"><\/div>\n\t\t\t\t\t\t<\/div>\n\t\t\t\t<\/div>\n\t\t\t\t<div class=\"elementor-element elementor-element-46689420 elementor-widget elementor-widget-heading\" data-id=\"46689420\" data-element_type=\"widget\" data-widget_type=\"heading.default\">\n\t\t\t\t<div class=\"elementor-widget-container\">\n\t\t\t\t\t<h2 class=\"elementor-heading-title elementor-size-default\">Nicolas Delvoie<\/h2>\t\t\t\t<\/div>\n\t\t\t\t<\/div>\n\t\t\t\t<div class=\"elementor-element elementor-element-1cb57435 elementor-widget elementor-widget-text-editor\" data-id=\"1cb57435\" data-element_type=\"widget\" data-widget_type=\"text-editor.default\">\n\t\t\t\t<div class=\"elementor-widget-container\">\n\t\t\t\t\t\t\t\t\t<p><strong>Pr\u00e9sentation<\/strong><br \/>Nicolas dispose d\u2019une solide expertise dans le domaine du droit immobilier et s\u2019est vu accorder en 2019 par le Barreau de Bruxelles, aupr\u00e8s duquel il est inscrit depuis 2005, le titre de sp\u00e9cialiste en droit de la construction et en droit des biens. Il conseille et assiste ses clients et les repr\u00e9sente tant devant les juridictions judiciaires qu\u2019arbitrales.<br \/>Nicolas a travaill\u00e9 pour des cabinets internationaux avant de fonder le cabinet Woods legal. Il intervient occasionnellement comme orateur dans le cadre de conf\u00e9rences en droit immobilier.<\/p><p><strong>Qu\u2019en pensent les clients\u00a0?<\/strong><br \/>Nicolas est per\u00e7u comme un juriste cr\u00e9atif et d\u00e9termin\u00e9, qui a syst\u00e9matiquement \u00e0 c\u0153ur de terminer ce qu\u2019il entame. Il aime \u00e0 pratiquer le droit en conjuguant rigueur et cr\u00e9ativit\u00e9, et traite ses dossiers en se pla\u00e7ant \u00e0 l\u2019endroit du client. Son approche est pragmatique, ce qui lui permet de d\u00e9gager des solutions parfois inattendues, toujours dans l\u2019int\u00e9r\u00eat du client.<\/p><p><strong>Formations<\/strong><br \/>&#8211; 2000-2005\u00a0: Master en droit, UCL-KULeuven \u2013 Mention Grande Distinction<br \/>&#8211; 2010\u00a0: Certificat en gestion \u00e9nerg\u00e9tique des b\u00e2timents, ICHEC Entreprises<br \/>&#8211; 2011 : Executive programme en Immobilier, Solvay Brussels School of Economics et Management \u2013 Mention Sp\u00e9ciale du Jury<\/p><p><strong>Langues<\/strong><br \/>&#8211; Fran\u00e7ais<br \/>&#8211; Anglais<br \/>&#8211; N\u00e9erlandais<\/p><p><strong>Centres d\u2019int\u00e9r\u00eats<\/strong><br \/>Musique (guitare, mandoline), randonn\u00e9es, VTT.<\/p><p><strong style=\"color: var( --e-global-color-text ); font-family: var( --e-global-typography-text-font-family ), Sans-serif; font-size: var( --e-global-typography-text-font-size ); font-style: var( --e-global-typography-text-font-style ); letter-spacing: var( --e-global-typography-text-letter-spacing ); text-transform: var( --e-global-typography-text-text-transform ); text-align: var(--text-align); background-color: var( --e-global-color-c696dce );\">Publications<br \/><\/strong>&#8211; \u00ab\u00a0Certificats et accessoires de l\u2019immeuble\u00a0: le certificat de performance \u00e9nerg\u00e9tique des b\u00e2timents\u00a0\u00bb, paru en mai 2012 dans la revue Jurimpratique, Editions Larcier\u00a0;<br \/>&#8211; \u00ab\u00a0Green buildings\u00a0: La performance \u00e9nerg\u00e9tique des b\u00e2timents\u00a0\u00bb, paru en f\u00e9vrier 2012 dans la revue Jurimpratique, \u00e9ditions Larcier\u00a0;<br \/>&#8211; \u00ab\u00a0PEB des nouvelles constructions et b\u00e2timents publics\u00a0\u00bb, paru en septembre 2011 dans le magazine Profacility.<br \/>&#8211; \u00ab\u00a0Pour tout savoir sur le certificat \u00e9nerg\u00e9tique\u00a0\u00bb, paru en juillet 2011 dans le magazine Lobby.<br \/>&#8211; \u00ab\u00a0Opgelet\u00a0: energiecertificaat verplicht\u00a0!\u00a0\u00bb, paru en juin 2011 dans le magazine Onderneming &amp; zelfstandig.<br \/>&#8211; \u00ab\u00a0La Performance Energ\u00e9tique (PEB), partie int\u00e9grante du Green Building\u00a0\u00bb, paru en avril 2011 dans le magazine Experts.<br \/>&#8211; \u00ab\u00a0La performance \u00e9nerg\u00e9tique des b\u00e2timents\u00a0: contraintes et r\u00e9alit\u00e9s\u00a0\u00bb, paru aux \u00e9ditions Larcier dans la Revue du Droit International des Affaires (D.A.O.R.) en 2009.<br \/>&#8211; \u00ab\u00a0La prescription et le contrat de travail\u00a0\u00bb (partie de l\u2019ouvrage intitul\u00e9 \u00ab\u00a0Les 30 ans de la loi du 3 juillet 1978 relative aux contrats de travail\u00a0\u00bb), paru aux Editions du Jeune Barreau en 2008.<br \/>&#8211; \u00ab\u00a0La renonciation en droit du travail\u00a0\u00bb, paru aux \u00e9ditions Larcier dans le Journal des Tribunaux du Travail (J.T.T.) en 2007.<\/p>\t\t\t\t\t\t\t\t<\/div>\n\t\t\t\t<\/div>\n\t\t\t\t<div class=\"elementor-element elementor-element-897bb67 elementor-icon-list--layout-traditional elementor-list-item-link-full_width elementor-widget elementor-widget-icon-list\" data-id=\"897bb67\" data-element_type=\"widget\" data-widget_type=\"icon-list.default\">\n\t\t\t\t<div class=\"elementor-widget-container\">\n\t\t\t\t\t\t\t<ul class=\"elementor-icon-list-items\">\n\t\t\t\t\t\t\t<li class=\"elementor-icon-list-item\">\n\t\t\t\t\t\t\t\t\t\t\t<a href=\"mailto:n.delvoie@woods-legal.be\">\n\n\t\t\t\t\t\t\t\t\t\t\t\t<span class=\"elementor-icon-list-icon\">\n\t\t\t\t\t\t\t<svg aria-hidden=\"true\" class=\"e-font-icon-svg e-far-envelope\" viewBox=\"0 0 512 512\" xmlns=\"http:\/\/www.w3.org\/2000\/svg\"><path d=\"M464 64H48C21.49 64 0 85.49 0 112v288c0 26.51 21.49 48 48 48h416c26.51 0 48-21.49 48-48V112c0-26.51-21.49-48-48-48zm0 48v40.805c-22.422 18.259-58.168 46.651-134.587 106.49-16.841 13.247-50.201 45.072-73.413 44.701-23.208.375-56.579-31.459-73.413-44.701C106.18 199.465 70.425 171.067 48 152.805V112h416zM48 400V214.398c22.914 18.251 55.409 43.862 104.938 82.646 21.857 17.205 60.134 55.186 103.062 54.955 42.717.231 80.509-37.199 103.053-54.947 49.528-38.783 82.032-64.401 104.947-82.653V400H48z\"><\/path><\/svg>\t\t\t\t\t\t<\/span>\n\t\t\t\t\t\t\t\t\t\t<span class=\"elementor-icon-list-text\">n.delvoie@woods-legal.be<\/span>\n\t\t\t\t\t\t\t\t\t\t\t<\/a>\n\t\t\t\t\t\t\t\t\t<\/li>\n\t\t\t\t\t\t<\/ul>\n\t\t\t\t\t\t<\/div>\n\t\t\t\t<\/div>\n\t\t\t\t<\/div>\n\t\t\t\t<\/div>\n\t\t<div class=\"elementor-element elementor-element-578afff e-con-full e-flex e-con e-parent\" data-id=\"578afff\" data-element_type=\"container\">\n\t\t\t\t<div class=\"elementor-element elementor-element-0610318 elementor-widget elementor-widget-menu-anchor\" data-id=\"0610318\" data-element_type=\"widget\" data-widget_type=\"menu-anchor.default\">\n\t\t\t\t<div class=\"elementor-widget-container\">\n\t\t\t\t\t\t\t<div class=\"elementor-menu-anchor\" id=\"team_barthelemy_gorza\"><\/div>\n\t\t\t\t\t\t<\/div>\n\t\t\t\t<\/div>\n\t\t<div class=\"elementor-element elementor-element-80e4ffa e-con-full e-flex e-con e-child\" data-id=\"80e4ffa\" data-element_type=\"container\">\n\t\t\t\t<div class=\"elementor-element elementor-element-83727a0 elementor-widget elementor-widget-heading\" data-id=\"83727a0\" data-element_type=\"widget\" data-widget_type=\"heading.default\">\n\t\t\t\t<div class=\"elementor-widget-container\">\n\t\t\t\t\t<h1 class=\"elementor-heading-title elementor-size-default\">Barth\u00e9l\u00e9my Gorza<\/h1>\t\t\t\t<\/div>\n\t\t\t\t<\/div>\n\t\t\t\t<div class=\"elementor-element elementor-element-f8c135f elementor-widget elementor-widget-text-editor\" data-id=\"f8c135f\" data-element_type=\"widget\" data-widget_type=\"text-editor.default\">\n\t\t\t\t<div class=\"elementor-widget-container\">\n\t\t\t\t\t\t\t\t\t<p><strong>Pr\u00e9sentation<\/strong><br \/>Barth\u00e9l\u00e9my est avocat bilingue au Barreau de Bruxelles depuis 2004. Fils d\u2019architectes, son expertise s\u2019est naturellement orient\u00e9e vers les pratiques du droit de la construction et de la propri\u00e9t\u00e9 immobili\u00e8re.<br \/>Gr\u00e2ce \u00e0 une pratique partag\u00e9e entre le droit administratif et le droit civil de l\u2019immobilier, Barth\u00e9l\u00e9my assiste les entreprises et les particuliers tant sur le plan contractuel, que dans la d\u00e9fense de leurs int\u00e9r\u00eats en justice. Dans les mati\u00e8res qui viennent en compl\u00e9ment du droit immobilier, il s\u2019est entour\u00e9 de collaborateurs consciencieux, avec qui il entretient une relation de confiance continue.<\/p><p><strong>Qu\u2019en pensent les clients\u00a0?<\/strong><br \/>Barth\u00e9l\u00e9my est per\u00e7u comme un juriste pragmatique et cr\u00e9atif, dans une optique constante de faire aboutir un projet immobilier ou d\u2019assurer une d\u00e9fense en justice coh\u00e9rente.<\/p><p><strong>Formations<\/strong><br \/>&#8211; 1998-2003\u00a0: Master en droit, UCL-KULeuven<br \/>&#8211; 2004\u00a0: Dipl\u00f4me d\u2019\u00e9tudes sp\u00e9cialis\u00e9es \u00ab\u00a0Bedrijfsrecht\u00a0\u00bb \u00e0 l\u2019Universit\u00e9 de Gand<\/p><p><strong>Langues<\/strong><br \/>&#8211; Fran\u00e7ais<br \/>&#8211; N\u00e9erlandais<br \/>&#8211; Anglais<\/p><p><strong>Centres d\u2019int\u00e9r\u00eats<\/strong><br \/>Jazz, randonn\u00e9es, violon, escalade<\/p><p><strong>Publications\u00a0:<\/strong><br \/>&#8211; \u201cLe nouveau d\u00e9cret sol\u00a0: obligations ou opportunit\u00e9s pour les entreprises\u00a0\u00bb, article paru dans le journal l\u2019Echo en date du 20 mai 2009\u00a0;<br \/>&#8211; \u201cHandleiding voor de projectontwikkelaar\u201d, Wolters Kluwer, 2009;<br \/>&#8211; \u201cWijziging van sociale lasten voor de kleine verkavelingsvergunningen\u201d, Square Info, mai 2012;<br \/>&#8211; \u201cLe Bouwteam, une \u00e9quipe de construction\u00a0\u00bb, Note sous Cour d\u2019Appel de Li\u00e8ge, 28 juin 2012, L\u2019entreprise et le droit, 2013\/3, p. 265-275\u00a0;<br \/>&#8211; \u201cFormation de la vente immobili\u00e8re\u00a0: \u00e9volution jurisprudentielle contrast\u00e9e\u00a0\u00bb, Square Info, 12 septembre 2014\u00a0;<br \/>&#8211; Manuel pratique des relations de voisinage, Wolters Kluwer, 2018\u00a0\u00bb.<\/p>\t\t\t\t\t\t\t\t<\/div>\n\t\t\t\t<\/div>\n\t\t\t\t<div class=\"elementor-element elementor-element-80929d7 elementor-icon-list--layout-traditional elementor-list-item-link-full_width elementor-widget elementor-widget-icon-list\" data-id=\"80929d7\" data-element_type=\"widget\" data-widget_type=\"icon-list.default\">\n\t\t\t\t<div class=\"elementor-widget-container\">\n\t\t\t\t\t\t\t<ul class=\"elementor-icon-list-items\">\n\t\t\t\t\t\t\t<li class=\"elementor-icon-list-item\">\n\t\t\t\t\t\t\t\t\t\t\t<a href=\"mailto:b.gorza@woods-legal.be\">\n\n\t\t\t\t\t\t\t\t\t\t\t\t<span class=\"elementor-icon-list-icon\">\n\t\t\t\t\t\t\t<svg aria-hidden=\"true\" class=\"e-font-icon-svg e-far-envelope\" viewBox=\"0 0 512 512\" xmlns=\"http:\/\/www.w3.org\/2000\/svg\"><path d=\"M464 64H48C21.49 64 0 85.49 0 112v288c0 26.51 21.49 48 48 48h416c26.51 0 48-21.49 48-48V112c0-26.51-21.49-48-48-48zm0 48v40.805c-22.422 18.259-58.168 46.651-134.587 106.49-16.841 13.247-50.201 45.072-73.413 44.701-23.208.375-56.579-31.459-73.413-44.701C106.18 199.465 70.425 171.067 48 152.805V112h416zM48 400V214.398c22.914 18.251 55.409 43.862 104.938 82.646 21.857 17.205 60.134 55.186 103.062 54.955 42.717.231 80.509-37.199 103.053-54.947 49.528-38.783 82.032-64.401 104.947-82.653V400H48z\"><\/path><\/svg>\t\t\t\t\t\t<\/span>\n\t\t\t\t\t\t\t\t\t\t<span class=\"elementor-icon-list-text\">b.gorza@woods-legal.be<\/span>\n\t\t\t\t\t\t\t\t\t\t\t<\/a>\n\t\t\t\t\t\t\t\t\t<\/li>\n\t\t\t\t\t\t<\/ul>\n\t\t\t\t\t\t<\/div>\n\t\t\t\t<\/div>\n\t\t\t\t<\/div>\n\t\t<div class=\"elementor-element elementor-element-0efc14e e-con-full e-flex e-con e-child\" data-id=\"0efc14e\" data-element_type=\"container\" data-settings=\"{&quot;background_background&quot;:&quot;classic&quot;}\">\n\t\t\t\t<div class=\"elementor-element elementor-element-3e4a8f9 elementor-widget elementor-widget-image\" data-id=\"3e4a8f9\" data-element_type=\"widget\" data-widget_type=\"image.default\">\n\t\t\t\t<div class=\"elementor-widget-container\">\n\t\t\t\t\t\t\t\t\t\t\t\t\t\t\t<img decoding=\"async\" width=\"683\" height=\"1024\" src=\"https:\/\/www.woods-legal.be\/wp-content\/uploads\/2024\/08\/Woods-Legal-Edited-8-683x1024.jpg\" class=\"attachment-large size-large wp-image-236\" alt=\"\" srcset=\"https:\/\/www.woods-legal.be\/wp-content\/uploads\/2024\/08\/Woods-Legal-Edited-8-683x1024.jpg 683w, https:\/\/www.woods-legal.be\/wp-content\/uploads\/2024\/08\/Woods-Legal-Edited-8-200x300.jpg 200w, https:\/\/www.woods-legal.be\/wp-content\/uploads\/2024\/08\/Woods-Legal-Edited-8-768x1152.jpg 768w, https:\/\/www.woods-legal.be\/wp-content\/uploads\/2024\/08\/Woods-Legal-Edited-8-1024x1536.jpg 1024w, https:\/\/www.woods-legal.be\/wp-content\/uploads\/2024\/08\/Woods-Legal-Edited-8-1366x2048.jpg 1366w, https:\/\/www.woods-legal.be\/wp-content\/uploads\/2024\/08\/Woods-Legal-Edited-8-scaled.jpg 1707w\" sizes=\"(max-width: 683px) 100vw, 683px\" \/>\t\t\t\t\t\t\t\t\t\t\t\t\t\t\t<\/div>\n\t\t\t\t<\/div>\n\t\t\t\t<\/div>\n\t\t\t\t<\/div>\n\t\t<div class=\"elementor-element elementor-element-a8860a9 e-con-full e-flex e-con e-parent\" data-id=\"a8860a9\" data-element_type=\"container\">\n\t\t<div class=\"elementor-element elementor-element-73e22f3 e-con-full e-flex e-con e-child\" data-id=\"73e22f3\" data-element_type=\"container\" data-settings=\"{&quot;background_background&quot;:&quot;classic&quot;}\">\n\t\t\t\t<div class=\"elementor-element elementor-element-6cc8a56 elementor-widget elementor-widget-image\" data-id=\"6cc8a56\" data-element_type=\"widget\" data-widget_type=\"image.default\">\n\t\t\t\t<div class=\"elementor-widget-container\">\n\t\t\t\t\t\t\t\t\t\t\t\t\t\t\t<img decoding=\"async\" width=\"683\" height=\"1024\" src=\"https:\/\/www.woods-legal.be\/wp-content\/uploads\/2025\/01\/Anais-Woods-2-1-683x1024.jpg\" class=\"attachment-large size-large wp-image-1009\" alt=\"\" srcset=\"https:\/\/www.woods-legal.be\/wp-content\/uploads\/2025\/01\/Anais-Woods-2-1-683x1024.jpg 683w, https:\/\/www.woods-legal.be\/wp-content\/uploads\/2025\/01\/Anais-Woods-2-1-200x300.jpg 200w, https:\/\/www.woods-legal.be\/wp-content\/uploads\/2025\/01\/Anais-Woods-2-1-768x1151.jpg 768w, https:\/\/www.woods-legal.be\/wp-content\/uploads\/2025\/01\/Anais-Woods-2-1-1025x1536.jpg 1025w, https:\/\/www.woods-legal.be\/wp-content\/uploads\/2025\/01\/Anais-Woods-2-1-1366x2048.jpg 1366w, https:\/\/www.woods-legal.be\/wp-content\/uploads\/2025\/01\/Anais-Woods-2-1-scaled.jpg 1708w\" sizes=\"(max-width: 683px) 100vw, 683px\" \/>\t\t\t\t\t\t\t\t\t\t\t\t\t\t\t<\/div>\n\t\t\t\t<\/div>\n\t\t\t\t<\/div>\n\t\t<div class=\"elementor-element elementor-element-a3a1d17 e-con-full e-flex e-con e-child\" data-id=\"a3a1d17\" data-element_type=\"container\">\n\t\t\t\t<div class=\"elementor-element elementor-element-bea7b2e elementor-widget elementor-widget-menu-anchor\" data-id=\"bea7b2e\" data-element_type=\"widget\" data-widget_type=\"menu-anchor.default\">\n\t\t\t\t<div class=\"elementor-widget-container\">\n\t\t\t\t\t\t\t<div class=\"elementor-menu-anchor\" id=\"team_anais_karaman\"><\/div>\n\t\t\t\t\t\t<\/div>\n\t\t\t\t<\/div>\n\t\t\t\t<div class=\"elementor-element elementor-element-8af9632 elementor-widget elementor-widget-heading\" data-id=\"8af9632\" data-element_type=\"widget\" data-widget_type=\"heading.default\">\n\t\t\t\t<div class=\"elementor-widget-container\">\n\t\t\t\t\t<h2 class=\"elementor-heading-title elementor-size-default\">Ana\u00efs Karaman<\/h2>\t\t\t\t<\/div>\n\t\t\t\t<\/div>\n\t\t\t\t<div class=\"elementor-element elementor-element-694d38b elementor-widget elementor-widget-text-editor\" data-id=\"694d38b\" data-element_type=\"widget\" data-widget_type=\"text-editor.default\">\n\t\t\t\t<div class=\"elementor-widget-container\">\n\t\t\t\t\t\t\t\t\t<p><strong>Pr\u00e9sentation<\/strong><br \/>Ana\u00efs exerce dans toutes les branches du droit immobilier mais elle est sp\u00e9cialis\u00e9e en fiscalit\u00e9 immobili\u00e8re, droit du voisinage, droit urbanistique et environnemental. D\u00e8s le d\u00e9but de sa carri\u00e8re, elle a aussi acquis une solide expertise dans la supervision juridique et suivi de projets immobiliers (vente, construction, droits r\u00e9els, baux).<br \/>Ana\u00efs intervient tant pour \u00e9mettre des avis juridiques pr\u00e9cis que pour g\u00e9rer des<br \/>proc\u00e9dures juridictionnelles complexes.<br \/>Ana\u00efs est aussi maman d\u2019un petit gar\u00e7on dont elle est tr\u00e8s fi\u00e8re.<\/p><p><strong>Qu\u2019en pensent les clients\u00a0?<\/strong><br \/>Ana\u00efs est appr\u00e9ci\u00e9e pour son \u00e9coute attentive et sa rigueur professionnelle. Passionn\u00e9e par l\u2019immobilier et les d\u00e9fis juridiques qu\u2019il suscite, Ana\u00efs veille \u00e0 apporter aux clients un service de qualit\u00e9 en garantissant un conseil complet et toujours orient\u00e9 dans l\u2019int\u00e9r\u00eat du dossier. Son approche proactive et son caract\u00e8re affirm\u00e9 font d\u2019elle une avocate qui va de l\u2019avant, ne se laissant pas d\u00e9stabiliser par les obstacles.<\/p><p><strong>Formations<\/strong><br \/>&#8211; 2016\u00a0: Baccalaur\u00e9at en droit de l\u2019Universit\u00e9 Saint-Louis<br \/>&#8211; 2018\u00a0: Master en droit de l\u2019Universit\u00e9 libre de Bruxelles<br \/>&#8211; 2019\u00a0: Master de sp\u00e9cialisation en droit fiscal de l\u2019Universit\u00e9 libre de Bruxelles<\/p><p><strong>Langues<\/strong><br \/>&#8211; Fran\u00e7ais<br \/>&#8211; Aram\u00e9en<br \/>&#8211; Anglais<br \/>&#8211; N\u00e9erlandais<br \/>&#8211; Kurde<\/p><p><strong>Centres d\u2019int\u00e9r\u00eats<\/strong><br \/>Famille, photographie, randonn\u00e9es, plong\u00e9e.<\/p>\t\t\t\t\t\t\t\t<\/div>\n\t\t\t\t<\/div>\n\t\t\t\t<div class=\"elementor-element elementor-element-4010a54 elementor-icon-list--layout-traditional elementor-list-item-link-full_width elementor-widget elementor-widget-icon-list\" data-id=\"4010a54\" data-element_type=\"widget\" data-widget_type=\"icon-list.default\">\n\t\t\t\t<div class=\"elementor-widget-container\">\n\t\t\t\t\t\t\t<ul class=\"elementor-icon-list-items\">\n\t\t\t\t\t\t\t<li class=\"elementor-icon-list-item\">\n\t\t\t\t\t\t\t\t\t\t\t<a href=\"mailto:a.karaman@woods-legal.be\">\n\n\t\t\t\t\t\t\t\t\t\t\t\t<span class=\"elementor-icon-list-icon\">\n\t\t\t\t\t\t\t<svg aria-hidden=\"true\" class=\"e-font-icon-svg e-far-envelope\" viewBox=\"0 0 512 512\" xmlns=\"http:\/\/www.w3.org\/2000\/svg\"><path d=\"M464 64H48C21.49 64 0 85.49 0 112v288c0 26.51 21.49 48 48 48h416c26.51 0 48-21.49 48-48V112c0-26.51-21.49-48-48-48zm0 48v40.805c-22.422 18.259-58.168 46.651-134.587 106.49-16.841 13.247-50.201 45.072-73.413 44.701-23.208.375-56.579-31.459-73.413-44.701C106.18 199.465 70.425 171.067 48 152.805V112h416zM48 400V214.398c22.914 18.251 55.409 43.862 104.938 82.646 21.857 17.205 60.134 55.186 103.062 54.955 42.717.231 80.509-37.199 103.053-54.947 49.528-38.783 82.032-64.401 104.947-82.653V400H48z\"><\/path><\/svg>\t\t\t\t\t\t<\/span>\n\t\t\t\t\t\t\t\t\t\t<span class=\"elementor-icon-list-text\">a.karaman@woods-legal.be<\/span>\n\t\t\t\t\t\t\t\t\t\t\t<\/a>\n\t\t\t\t\t\t\t\t\t<\/li>\n\t\t\t\t\t\t<\/ul>\n\t\t\t\t\t\t<\/div>\n\t\t\t\t<\/div>\n\t\t\t\t<\/div>\n\t\t\t\t<\/div>\n\t\t\t\t<\/div>\n\t\t","protected":false},"excerpt":{"rendered":"<p>Notre \u00e9quipe Nicolas Delvoie Pr\u00e9sentationNicolas dispose d\u2019une solide expertise dans le domaine du droit immobilier et s\u2019est vu accorder en 2019 par le Barreau de Bruxelles, aupr\u00e8s duquel il est inscrit depuis 2005, le titre de sp\u00e9cialiste en droit de la construction et en droit des biens. Il conseille et assiste ses clients et les [&hellip;]<\/p>\n","protected":false},"author":1,"featured_media":0,"parent":0,"menu_order":0,"comment_status":"closed","ping_status":"closed","template":"elementor_header_footer","meta":{"footnotes":""},"class_list":["post-59","page","type-page","status-publish","hentry"],"_links":{"self":[{"href":"https:\/\/www.woods-legal.be\/index.php\/wp-json\/wp\/v2\/pages\/59","targetHints":{"allow":["GET"]}}],"collection":[{"href":"https:\/\/www.woods-legal.be\/index.php\/wp-json\/wp\/v2\/pages"}],"about":[{"href":"https:\/\/www.woods-legal.be\/index.php\/wp-json\/wp\/v2\/types\/page"}],"author":[{"embeddable":true,"href":"https:\/\/www.woods-legal.be\/index.php\/wp-json\/wp\/v2\/users\/1"}],"replies":[{"embeddable":true,"href":"https:\/\/www.woods-legal.be\/index.php\/wp-json\/wp\/v2\/comments?post=59"}],"version-history":[{"count":165,"href":"https:\/\/www.woods-legal.be\/index.php\/wp-json\/wp\/v2\/pages\/59\/revisions"}],"predecessor-version":[{"id":1023,"href":"https:\/\/www.woods-legal.be\/index.php\/wp-json\/wp\/v2\/pages\/59\/revisions\/1023"}],"wp:attachment":[{"href":"https:\/\/www.woods-legal.be\/index.php\/wp-json\/wp\/v2\/media?parent=59"}],"curies":[{"name":"wp","href":"https:\/\/api.w.org\/{rel}","templated":true}]}}